 the prime factors of h?
2, 7
Suppose -5*j - 262 + 52 = -f, -4*j - 8 = 0. What are the prime factors of f?
2, 5
Let j(d) = d**2 - 2*d - 4. List the prime factors of j(4).
2
Let q = 20 + -39. Let f = q + 32. What are the prime factors of f?
13
Let m(h) = h**3 - 7*h**2 + 3*h - 8. Let c be m(7). Suppose -8*n - 120 = -c*n. List the prime factors of n.
2, 3
Suppose 1 = -3*m + 7, -2*m = 4*r - 24. Suppose r*j = 3*j - 8, 0 = -4*d + 5*j + 88. What are the prime factors of d?
17
Let b(q) = 14*q**2 + 4*q + 4. What are the prime factors of b(-2)?
2, 13
Let i = 73 - 51. List the prime factors of i.
2, 11
Let j = 9 - 4. Suppose 0 = -j*i - 3*g + 37 + 13, -3*i + 5*g + 64 = 0. List the prime factors of i.
13
Let y(j) = -j - 1. Let l(d) = -8*d - 5. Let n(r) = -l(r) + 6*y(r). Suppose 2 = u - 0, 4 = w - 2*u. List the prime factors of n(w).
3, 5
Let j be 3/(-6)*-4 + -14. Let s be (-6)/j + (-6)/(-4). Suppose 0 = k + r - 5 - 4, 0 = s*k - 4*r - 48. What are the prime factors of k?
2, 7
List the prime factors of (-1386)/(-35) - (-3)/(-5).
3, 13
Let g(v) = -v**3 + 9*v**2 + 4*v + 4. What are the prime factors of g(-4)?
2, 7
Suppose -9*n = -12*n - 2*k + 1270, -4*k - 400 = -n. What are the prime factors of n?
2, 3, 5, 7
Suppose -119 = -5*a + 31. Suppose -o - 2*o + a = 0. List the prime factors of o.
2, 5
Let k = -5 + 12. Let m(i) = -8*i**2 - 4*i**2 + 15*i - 6*i + 11*i**2 - 10. What are the prime factors of m(k)?
2
Suppose 3*r = -0*r + b + 462, 2*r = 4*b + 298. What are the prime factors of r?
5, 31
Let q = -9 + 5. Let o = 9 + q. Suppose -3*s = -o - 16. What are the prime factors of s?
7
Let l = 10 - 7. List the prime factors of (42/(-9))/((-2)/l).
7
Suppose 0 = -10*s + 6*s. Suppose -3*o + 6*f - 4*f + 74 = s, 2*o - 53 = 5*f. What are the prime factors of o?
2, 3
Let m(g) = 8*g + 31. Let h(d) = -d + 10 + 4*d + 0*d. Let w(f) = -11*h(f) + 4*m(f). What are the prime factors of w(0)?
2, 7
Suppose -2055 = -29*u + 14*u. What are the prime factors of u?
137
Let l = 26 + 16. List the prime factors of l.
2, 3, 7
Suppose 2*x + 3 - 13 = 0. Suppose x*p + 65 = 2*d - 3, 0 = -4*p - 4*d - 60. List the prime factors of 8/6*(-147)/p.
2, 7
Let q(n) = n**2 - 7*n + 4. Let i be q(7). List the prime factors of 31 + (4/1)/i.
2
Let t(i) = -i**3 + 12*i**2 - 8*i + 15. What are the prime factors of t(11)?
2, 3
Let t(c) be the first derivative of -3*c**2/2 - c + 3. List the prime factors of t(-2).
5
List the prime factors of (-1)/(-2) + 25/2.
13
Let c = 117 + -48. Let a = -40 + c. What are the prime factors of a?
29
Let g be 1/(-2)*80/(-4). Let m = g + -5. Suppose 2*o + 4*v = -0*v - 6, 6 = -3*o - m*v. List the prime factors of o.
3
Let b(g) = -g + 4. Let m be b(-6). Suppose y = -2*s + 4, -y + 4*s - m = -2*y. List the prime factors of 0*(y + 1) + 10.
2, 5
Suppose -5*l + 0*l = -3*u - 185, -37 = -l - u. List the prime factors of l.
37
Suppose -2*u + i + 12 = 0, -3*i - 30 = -5*u - 4*i. Suppose -g + u*g = 20. Suppose -g = -4*z + 12. List the prime factors of z.
2
Suppose 0*u + 55 = 4*u - 5*b, 4*u + 5*b = 105. What are the prime factors of (9/12)/(1/u)?
3, 5
Let n(b) = b - 1. Let f(x) = -6*x + 10. Let k(w) = f(w) + 5*n(w). List the prime factors of k(0).
5
Let s be (-2)/((8/3)/4). Let m be 116/3 - s/9. Suppose -c + m = 2*c. List the prime factors of c.
13
Suppose 7*y + 20 = 3*y. Let t = -2 - y. Suppose 14 = 4*b - 2*b + 2*n, 5*b - t*n - 59 = 0. List the prime factors of b.
2, 5
Suppose 4*a = -5*h + 268 - 92, -5*a = 3*h - 233. List the prime factors of a.
7
Let u(r) = -3*r + 1. Let x = 6 - 14. List the prime factors of u(x).
5
What are the prime factors of ((-1840)/56)/(39/21 - 2)?
2, 5, 23
Let x(i) = -5*i - 12. Let q(w) = 2*w + 6. Let y(o) = -7*q(o) - 3*x(o). Let a be y(12). List the prime factors of (-2)/(-6)*108/a.
2, 3
Suppose 5*w + 0 = 5. Let y = w + 16. List the prime factors of y.
17
List the prime factors of (428/(-3))/(24/(-36)).
2, 107
Suppose n + s - 3*s = 2, 2*s - 6 = -3*n. Suppose 2*a + 76 = -n*a. Let d = -12 - a. List the prime factors of d.
7
Suppose 2*y = 10 + 2. Suppose 0 = -3*b + 3*q + 2*q - y, b - 15 = -4*q. What are the prime factors of b?
3
Let u(i) be the third derivative of -i**6/120 + i**5/20 + i**4/12 - 3*i**2. List the prime factors of u(3).
2, 3
Let k(c) = c**3 - 4*c**2 + c - 3. Let t be k(4). Suppose 0 = w + 1 + t. What are the prime factors of w/(3 - 1)*-7?
7
Let k = -159 + 309. What are the prime factors of k?
2, 3, 5
Let w(i) = -i**2 + 20*i + 33. List the prime factors of w(14).
3, 13
Suppose 3 = 5*q - 7, 4*r - q - 6 = 0. List the prime factors of r.
2
Let s be 15/5 - (-39)/(-3). Let c = 2 - s. What are the prime factors of c?
2, 3
Suppose 0 = -2*b + 18 + 68. What are the prime factors of b?
43
Let f(b) = 3*b**2 + 4*b + 2. What are the prime factors of f(-4)?
2, 17
Let t = -3 + 5. Suppose y - 28 = -2*l, -2*y - 124 = -6*y - t*l. What are the prime factors of y?
2
Suppose -30 = -9*n + 4*n. Let u be n/(-4)*(-2 + 6). What are the prime factors of u + 16 + (-2 - 0)?
2
Let g(f) = -f**3 + 2*f**2 + 4*f + 1. List the prime factors of g(3).
2
Suppose -4*a - d + 471 = 0, -3*d - 785 = -5*a - 175. What are the prime factors of a?
7, 17
Let f(t) = t**2 + 8*t + 9. Let s(w) = w**2 + 9*w + 10. Let d(x) = 4*f(x) - 3*s(x). List the prime factors of d(-5).
2, 3
Let u(o) be the third derivative of -o**6/120 - 7*o**5/60 + o**4/4 - 5*o**3/3 - 3*o**2. What are the prime factors of u(-8)?
2, 3
Suppose -2*l + l = 0. Let d be (-168)/(-36) - (-2)/6. Suppose 0 = -d*b - 2 - 3, l = -g - b + 8. List the prime factors of g.
3
Let o(r) = r**3 - 7*r**2 + 8*r + 8. What are the prime factors of o(7)?
2
Let q(d) = -d + 7. Let c be q(7). Let k = c + 3. Suppose 7 = b + k. What are the prime factors of b?
2
Suppose -5*r + 29 = 9. List the prime factors of -2 + r*6 + 0.
2, 11
Let h be (-18)/(-10) + 5/25. Let a(l) = 4*l**2 - 2*l + 3. List the prime factors of a(h).
3, 5
Suppose 0*b = 2*b + 16. Let w(p) = -2*p - 12. Let j be w(b). Let u = j - -1. What are the prime factors of u?
5
Let s = 3 + -3. Suppose s = 5*c - 2*l - 12 - 13, 8 = c - l. List the prime factors of c.
3
Let q(k) = 3*k**2 - 6*k**3 + 7*k**3 + 3*k + 3 - 3. Let v be q(-2). What are the prime factors of 3/((-3)/(6/v))?
3
Let a = 54 + 1. Suppose 7*x - a = 2*x. Suppose -4*w = x - 39. What are the prime factors of w?
7
Suppose 2*f + 8 = 6*f. Let x be ((-3)/2)/(3/(-4)). List the prime factors of (f/x)/((-5)/(-20)).
2
Let p be (-2)/(1/(-2) - 0). Suppose -4*w = p - 0. What are the prime factors of (2/w)/((-1)/6)?
2, 3
Let c(a) = -a**2 - 9*a - 9. Let k be c(-9). Let v = 29 - 16. Let y = k + v. What are the prime factors of y?
2
What are the prime factors of (1 - (-543)/7) + (-44)/77?
2, 3, 13
Suppose -4*a - 129 = 3. Let k = 4 - a. What are the prime factors of k?
37
Let y be 1/(-2) - (-5)/2. Let a be y/(-7) + 80/35. Let x = a - -3. List the prime factors of x.
5
Let i(k) = 3*k + 1 + 3*k - k + 0*k. What are the prime factors of i(1)?
2, 3
Let q = 259 + -88. List the prime factors of q.
3, 19
Suppose 0 = 2*o + o + 15. What are the prime factors of o/1*(-32)/40?
2
Suppose 766 = 4*b - 5*m, 4*m = -b + 3*b - 386. List the prime factors of b.
3, 7
Let b(h) be the second derivative of -h**5/20 + h**4/6 + h**3/2 + 3*h**2/2 + h. Let g be 25/9 + (-2)/(-9). What are the prime factors of b(g)?
3
Let z = 125 - 36. What are the prime factors of z?
89
Suppose -52 - 3 = -5*y. List the prime factors of y.
11
Let y(l) = l**2 - 7*l + 9. Let z be y(9). Let a = z - 6. What are the prime factors of a?
3, 7
Let x = -25 + -14. Let k = x - -10. List the prime factors of -2 - (k + 2)/3.
7
Let i = 6 + -15. Let b = i + 56. Suppose -3 + b = 2*k. List the prime factors of k.
2, 11
Suppose -3*n + 3*u = -654, -2*n + 259 = -u - 174. What are the prime factors of n?
5, 43
Let p(c) = 2*c**3 + 2*c**2 - 2*c. Let g be p(-2). Let w be (-55)/g + 3/12. Suppose -w = t - 3*t. What are the prime factors of t?
7
Suppose 2*l + 113 = -85. Let m = 144 + l. What are the prime factors of m?
3, 5
Suppose 5*l - 125 = -0. List the prime factors of l.
5
List the prime factors of (-3)/(-2)*172/3.
2, 43
Suppose 0*w = 3*w + 2*n - 218, -5*w = -n - 372. List the prime factors of w.
2, 37
Let f be (-3)/6*-2*4. Suppose 4*u = f*x + 4, -8 = -4*u - 5*x - 4. Suppose 2*v + 9 = 2*c - u, -9 = -2*c + v. List the prime factors of c.